3155 is divided by 32?
19
Calculate the remainder when 9345 is divided by 1171.
1148
What is the remainder when 41904 is divided by 229?
226
Calculate the remainder when 2500396 is divided by 93.
91
Calculate the remainder when 24740 is divided by 24739.
1
What is the remainder when 72114 is divided by 1334?
78
What is the remainder when 125437 is divided by 11403?
4
What is the remainder when 10089 is divided by 3321?
126
What is the remainder when 219797 is divided by 73?
67
What is the remainder when 51987 is divided by 226?
7
What is the remainder when 270316 is divided by 4827?
4
What is the remainder when 23995 is divided by 13?
10
What is the remainder when 149640 is divided by 21376?
8
Calculate the remainder when 62109 is divided by 20680.
69
What is the remainder when 5937 is divided by 165?
162
Calculate the remainder when 1071 is divided by 91.
70
Calculate the remainder when 71692 is divided by 613.
584
Calculate the remainder when 2536 is divided by 700.
436
Calculate the remainder when 7663 is divided by 460.
303
What is the remainder when 298853 is divided by 37355?
13
Calculate the remainder when 236142 is divided by 78709.
15
What is the remainder when 3755 is divided by 139?
2
Calculate the remainder when 7088 is divided by 3538.
12
What is the remainder when 329490 is divided by 11?
7
What is the remainder when 3791 is divided by 215?
136
What is the remainder when 46755 is divided by 1508?
7
Calculate the remainder when 3183 is divided by 221.
89
Calculate the remainder when 5377 is divided by 1507.
856
What is the remainder when 25480 is divided by 1260?
280
Calculate the remainder when 11150 is divided by 1894.
1680
Calculate the remainder when 519480 is divided by 1332.
0
Calculate the remainder when 16456 is divided by 2741.
10
What is the remainder when 53418 is divided by 17?
4
What is the remainder when 13462 is divided by 538?
12
What is the remainder when 22689 is divided by 85?
79
Calculate the remainder when 28140 is divided by 3515.
20
Calculate the remainder when 192569 is divided by 31.
28
What is the remainder when 8901 is divided by 2961?
18
Calculate the remainder when 6610 is divided by 1317.
25
Calculate the remainder when 4601 is divided by 144.
137
Calculate the remainder when 678 is divided by 38.
32
What is the remainder when 47932 is divided by 251?
242
What is the remainder when 10305 is divided by 1288?
1
Calculate the remainder when 2447 is divided by 134.
35
Calculate the remainder when 1295 is divided by 996.
299
Calculate the remainder when 5141 is divided by 171.
11
Calculate the remainder when 5805 is divided by 1706.
687
What is the remainder when 27945 is divided by 444?
417
Calculate the remainder when 58134 is divided by 11.
10
What is the remainder when 7369 is divided by 369?
358
Calculate the remainder when 9753 is divided by 425.
403
What is the remainder when 14084 is divided by 4?
0
Calculate the remainder when 8082 is divided by 13.
9
Calculate the remainder when 1189115 is divided by 1044.
1043
What is the remainder when 57545 is divided by 2204?
241
Calculate the remainder when 51459 is divided by 83.
82
Calculate the remainder when 11541 is divided by 2859.
105
What is the remainder when 1187 is divided by 484?
219
What is the remainder when 9491 is divided by 635?
601
What is the remainder when 28671 is divided by 337?
26
What is the remainder when 327948 is divided by 50?
48
What is the remainder when 286415 is divided by 87?
11
Calculate the remainder when 49423 is divided by 12324.
127
What is the remainder when 7161 is divided by 421?
4
Calculate the remainder when 1608650 is divided by 411.
407
What is the remainder when 5226 is divided by 244?
102
Calculate the remainder when 39439 is divided by 3584.
15
What is the remainder when 654361 is divided by 34440?
1
What is the remainder when 142682 is divided by 839?
52
Calculate the remainder when 7663 is divided by 10.
3
What is the remainder when 44270 is divided by 14748?
26
What is the remainder when 96401 is divided by 44?
41
What is the remainder when 826 is divided by 161?
21
Calculate the remainder when 40500 is divided by 5727.
411
What is the remainder when 5655369 is divided by 1117?
1115
Calculate the remainder when 91043 is divided by 5056.
35
Calculate the remainder when 10545 is divided by 293.
290
Calculate the remainder when 215207 is divided by 168.
167
Calculate the remainder when 4526 is divided by 172.
54
Calculate the remainder when 125019 is divided by 37.
33
What is the remainder when 4519 is divided by 121?
42
What is the remainder when 9502 is divided by 765?
322
Calculate the remainder when 30070 is divided by 4287.
61
Calculate the remainder when 963 is divided by 505.
458
Calculate the remainder when 1535 is divided by 3.
2
What is the remainder when 3336 is divided by 28?
4
What is the remainder when 19390 is divided by 1666?
1064
Calculate the remainder when 10136 is divided by 375.
11
Calculate the remainder when 28732 is divided by 422.
36
What is the remainder when 8744 is divided by 172?
144
What is the remainder when 5279 is divided by 1055?
4
What is the remainder when 3894 is divided by 52?
46
Calculate the remainder when 10252 is divided by 84.
4
Calculate the remainder when 3759 is divided by 189.
168
Calculate the remainder when 12983 is divided by 73.
62
Calculate the remainder when 4181 is divided by 718.
591
Calculate the remainder when 4677 is divided by 340.
257
What is the remainder when 4790739 is divided by 87?
84
What is the remainder when 284676 is divided by 423?
420
Calculate the remainder when 567138 is divided by 28.
26
What is the remainder when 367663 is divided by 158?
155
Calculate the remainder when 5685 is divided by 403.
43
Calculate the remainder when 6625 is divided by 196.
157
Calculate the remainder when 1613 is divided by 796.
21
Calculate the remainder when 1205 is divided by 136.
117
Calculate the remainder when 38005 is divided by 80.
5
What is the remainder when 35109 is divided by 2516?
2401
What is the remainder when 173619 is divided by 96?
51
What is the remainder when 306301 is divided by 1001?
996
What is the remainder when 1108 is divided by 956?
152
Calculate the remainder when 9785 is divided by 986.
911
What is the remainder when 4189 is divided by 482?
333
What is the remainder when 1240 is divided by 293?
68
What is the remainder when 5486 is divided by 67?
59
Calculate the remainder when 86992 is divided by 137.
134
Calculate the remainder when 1454 is divided by 289.
9
What is the remainder when 16394101 is divided by 187?
185
What is the remainder when 3370 is divided by 226?
206
What is the remainder when 43352 is divided by 16?
8
Calculate the remainder when 3152 is divided by 244.
224
What is the remainder when 3296 is divided by 22?
18
Calculate the remainder when 291912 is divided by 7.
5
What is the remainder when 9014 is divided by 57?
8
What is the remainder when 20809 is divided by 281?
15
Calculate the remainder when 8306 is divided by 126.
116
What is the remainder when 3441 is divided by 2892?
549
What is the remainder when 501 is divided by 138?
87
Calculate the remainder when 6459317 is divided by 8.
5
What is the remainder when 192224 is divided by 96089?
46
Calculate the remainder when 40544 is divided by 18.
8
Calculate the remainder when 18597 is divided by 472.
189
Calculate the remainder when 65190 is divided by 3259.
10
Calculate the remainder when 2582 is divided by 248.
102
Calculate the remainder when 17465 is divided by 8713.
39
What is the remainder when 43913 is divided by 1174?
475
Calculate the remainder when 4480 is divided by 4276.
204
What is the remainder when 9227 is divided by 439?
8
What is the remainder when 15967 is divided by 2392?
1615
Calculate the remainder when 3596 is divided by 242.
208
What is the remainder when 10841 is divided by 3608?
17
What is the remainder when 76123 is divided by 19029?
7
Calculate the remainder when 2724 is divided by 26.
20
What is the remainder when 46041 is divided by 117?
60
Calculate the remainder when 349 is divided by 337.
12
What is the remainder when 20730 is divided by 24?
18
Calculate the remainder when 52609 is divided by 101.
89
What is the remainder wh